 s(l) = -286*l - 2495. Give s(-11).
651
Let p(g) = -35*g + 149. Determine p(3).
44
Let y(s) = -s**3 + 12*s**2 + 53702*s - 590779. Give y(11).
64
Let z(h) = -h**3 + 16*h**2 + 61*h - 89. Determine z(19).
-13
Let z(s) = -3*s**3 - 282*s**2 - 193*s - 18099. Calculate z(-94).
43
Let l(i) = 289*i - 13. Determine l(0).
-13
Let h(m) = 8*m**2 - 352*m - 1530. Give h(-4).
6
Let o(q) = 40*q**2 - 1584*q - 1841. What is o(41)?
455
Let y(h) = -3*h**2 - 511*h + 5034. Give y(10).
-376
Let r(w) = -3*w**2 - 53658*w - 429067. Give r(-8).
5
Let j(s) = 10*s**2 + 166*s + 1734. Give j(-11).
1118
Let r(c) = -134*c + 117. Calculate r(-2).
385
Let r(q) = 2*q**3 - 7*q**2 - 548*q - 7. What is r(0)?
-7
Let l(n) = 183*n + 649. Calculate l(7).
1930
Let h(b) = -26*b + 1052. Give h(-59).
2586
Let c(r) = -546*r**2 + 11052*r + 11054. Give c(-1).
-544
Let i(o) = -738*o - 20496. Give i(-29).
906
Let d(l) = -l**3 - 52*l**2 - 508*l - 1570. Give d(-40).
-450
Let q(w) = 16*w**2 - 1724*w + 3445. Determine q(2).
61
Let y(j) = 328*j + 6137. Determine y(-18).
233
Let k(w) = -25*w**2 + 3407*w + 2381. Calculate k(137).
-85
Let g(h) = 4*h**3 - 210*h**2 - 98*h + 583. Give g(53).
1007
Let y(x) = x**3 - 74*x**2 - 83*x + 409. Determine y(76).
5653
Let o(p) = p**3 + 3416*p**2 + 108289*p + 26. Give o(-32).
-6
Let o(g) = g**3 - 77*g**2 + 920*g - 778. Determine o(14).
-246
Let h(u) = -87*u**2 - 40*u - 2254. Give h(0).
-2254
Let w(j) = j**2 + 1687186*j - 10123154. Determine w(6).
-2
Let m(k) = k**3 - 3*k**2 - 885*k - 3469. Give m(-4).
-41
Let j(q) = -21111*q - 443336. Calculate j(-21).
-5
Let l(s) = -2*s**3 + 49*s**2 + 5*s + 465. Determine l(25).
-35
Let n(l) = 23773*l + 11363490. Give n(-478).
-4
Let u(w) = -254*w**2 + 8151*w - 419. What is u(32)?
317
Let m(v) = -v**2 + 582*v - 9056. Calculate m(16).
0
Let m(y) = 6798*y + 265128. Give m(-39).
6
Let x(l) = 2*l**3 - l**2 - 361*l - 2. Give x(14).
236
Let t(w) = -2*w**3 - 118*w**2 + 9*w + 453. Determine t(-59).
-78
Let x(i) = -177*i**2 - 76*i + 77. What is x(1)?
-176
Let b(v) = v**2 - 182*v + 7624. Calculate b(64).
72
Let z(p) = -1391*p + 17087. Calculate z(13).
-996
Let x(b) = -81216*b + 243647. What is x(3)?
-1
Let a(d) = -6*d**2 - 3102*d - 327680. Calculate a(-148).
-8
Let d(x) = 11*x**2 - 351*x + 88. Determine d(32).
120
Let k(t) = -96489*t - 96514. Determine k(-1).
-25
Let z(m) = m**2 - 285892*m - 2859024. What is z(-10)?
-4
Let k(m) = 1063*m**2 + 1622*m - 3243. Give k(2).
4253
Let j(w) = 1644*w + 217164. Determine j(-132).
156
Let a(j) = 208*j**2 - 69925*j + 12438. Calculate a(336).
6
Let d(u) = -2*u**2 - 19239*u - 115372. Determine d(-6).
-10
Let t(c) = -452*c + 4983. What is t(11)?
11
Let n(f) = f**3 + 99*f**2 + 365*f - 171. Give n(-95).
1254
Let n(j) = 1498*j - 305. Calculate n(1).
1193
Let l(p) = -100*p**2 - 638*p + 15. What is l(-6)?
243
Let l(c) = 2*c**2 - 866*c + 863. Calculate l(432).
-1
Let x(f) = -f**3 - 31*f**2 + 73*f - 1219. What is x(-34)?
-233
Let b(z) = -17*z**2 + 1087*z - 3046. Give b(61).
4
Let o(d) = -3*d**2 - 109*d - 797. What is o(-10)?
-7
Let l(w) = -130*w**3 + w**2 + 96*w - 97. Give l(1).
-130
Let n(g) = g**3 + 60*g**2 + 489*g + 21666. Give n(-58).
32
Let g(n) = 3*n**3 + 1174*n**2 + 385*n - 597. Calculate g(-391).
1749
Let n(b) = 5*b**3 + 33*b**2 - 322*b + 16. Determine n(-12).
-8
Let f(q) = -3*q**2 + 142*q + 9614. Determine f(85).
9
Let o(g) = 3*g**3 + 4*g**2 + 61*g + 140. Calculate o(-4).
-232
Let m(k) = -4*k**2 - 2697*k + 41364. Calculate m(15).
9
Let j(i) = 1087*i + 288027. Calculate j(-265).
-28
Let t(n) = n**3 + 23*n**2 - 66348*n - 1328154. Determine t(-20).
6
Let b(c) = -340650*c - 3747140. What is b(-11)?
10
Let c(t) = 21*t**2 - 113*t + 10. Calculate c(-9).
2728
Let p(r) = r**3 - 422*r**2 + 6893*r - 3245. Calculate p(405).
-5
Let h(v) = -275778*v + 8273335. Give h(30).
-5
Let g(r) = 8*r**2 - 145*r - 770. What is g(-5)?
155
Let w(n) = -398*n - 5513. What is w(-15)?
457
Let x(w) = 56*w + 1782. Give x(-45).
-738
Let a(y) = 866*y - 97857. Give a(113).
1
Let f(c) = -c**2 - 85*c + 74. Give f(0).
74
Let x(o) = 1676*o - 11839. What is x(7)?
-107
Let f(a) = 30742*a - 983644. Give f(32).
100
Let s(w) = 7851*w - 47423. Determine s(6).
-317
Let h(u) = 55*u + 26. Give h(-3).
-139
Let l(b) = -1377*b**2 - 86744*b + 443. Calculate l(-63).
2
Let w(f) = -8*f**3 - 136*f**2 - 1155*f + 1292. What is w(1)?
-7
Let p(w) = 4*w**2 - 102*w - 2323. Determine p(-21).
1583
Let w(q) = 2*q**3 + 22*q**2 - 179*q + 1298. What is w(-18)?
-16
Let r(b) = -2*b**3 - 214*b**2 + 127*b - 9496. Give r(-108).
116
Let w(t) = t**2 - 1797*t - 69831. Determine w(-38).
-101
Let h(v) = 13*v**2 - 795*v + 6961. Determine h(50).
-289
Let g(v) = v**2 - 6059*v - 164329. Calculate g(-27).
-7
Let m(n) = n**3 - 58*n**2 - 53*n - 4324. Give m(60).
-304
Let j(l) = 9*l**2 - 711*l - 103. Calculate j(0).
-103
Let f(h) = -14490*h - 1608398. What is f(-111)?
-8
Let u(o) = -29*o**2 + 47*o + 275. Give u(4).
-1
Let a(b) = 2*b**2 - 750*b - 5214. What is a(-7)?
134
Let l(u) = 25*u**2 + 1215*u - 16393. Determine l(11).
-3
Let t(k) = -1450*k + 7303. Calculate t(5).
53
Let l(a) = -15*a**2 + 1003*a + 151. What is l(71)?
-4251
Let p(q) = -3064*q**2 + 6131*q + 19. What is p(2)?
25
Let l(b) = -b**3 - 44*b**2 - 6255*b - 207897. What is l(-35)?
3
Let n(p) = p**2 + 4834*p + 2266007. What is n(-526)?
-1
Let b(c) = -25*c**2 + 51*c - 222. Determine b(5).
-592
Let u(s) = 3*s**3 - 52*s**2 - 1412*s + 23492. What is u(16)?
-124
Let v(n) = n**3 + 267*n**2 + 538*n + 2051. Determine v(-265).
-69
Let n(l) = l**3 - 110*l**2 - 596*l + 15957. Determine n(114).
-3
Let s(r) = 9145*r + 1188817. Give s(-130).
-33
Let m(k) = 4*k**2 - 1488*k + 20045. Calculate m(14).
-3
Let s(y) = 8*y**2 - 138*y - 8. Give s(2).
-252
Let k(o) = -o**3 + 158*o**2 - 15*o - 1226. What is k(158)?
-3596
Let g(w) = -10*w**3 - 86*w**2 - 113*w + 20. Give g(-2).
-18
Let q(a) = -2*a**3 - 50*a**2 - 81*a - 401. Determine q(-24).
391
Let k(g) = 22659*g - 2809775. Calculate k(124).
-59
Let q(j) = 39067*j - 820414. Determine q(21).
-7
Let s(w) = 59*w**2 + 9833*w - 9831. Determine s(1).
61
Let w(p) = 6275*p - 43897. What is w(7)?
28
Let x(o) = 63*o**2 + 45*o + 8. Determine x(1).
116
Let o(b) = -b**2 + 58*b + 15935. Calculate o(160).
-385
Let v(x) = x**3 - 165*x**2 + 648*x - 733. What is v(161)?
-89
Let l(m) = 467*m - 24390. Calculate l(54).
828
Let s(k) = -4*k**2 + 38*k - 118. Give s(3).
-40
Let p(r) = -3675*r**2 - 25733*r - 29. Determine p(-7).
27
Let u(p) = -56*p**2 + 195*p + 1125. Determine u(-6).
-2061
Let d(r) = 2*r**2 - 752*r - 27889. Determine d(410).
-9
Let p(b) = -20795*b - 104037. Calculate p(-5).
-62
Let b(p) = p**2 + 855*p + 47596. Calculate b(-60).
-104
Let o(s) = 466*s + 40027. Calculate o(-86).
-49
Let d(u) = u**3 + 3972*u**2 - 23859*u - 42. Give d(6).
12
Let c(k) = -k**3 + 10*k**2 - 314*k + 2733. What is c(9)?
-12
Let s(o) = 2*o**3 + 7*o**2 + 36*o + 222. Give s(-9).
-993
Let r(u) = 2*u**3 - 15*u**2 - 51*u + 148. Determine r(2).
2
Let f(a) = a**3 + 107*a**2 - 1155*a - 5. What is f(12)?
3271
Let s(c) = c**2 - 1943*c + 696306. Calculate s(474).
0
Let h(r) = r**3 - 58*r**2 + 745*r + 130. Calculate h(44).
5806
Let m(j) = -2*j**2 + 23038*j - 4993725. Give m(221).
-9
Let r(f) = 2*f**2 + 158*f - 15223. Determine r(-136).
281
Let i(b) = 16*b**2 + 951*b - 1473. Calculate i(-61).
52
Let m(s) = -108*s**3 - 3796*s**2 - 559*s + 12. Give m(-35).
-23
Let r(m) = m**3 - 32*m**2 - 1302*m + 40292. What is r(31)?
-1031
Let c(u) = 5067*u + 3551974. Determine c(-701).
7
Let q(u) = u**2 - 248*u + 3237. Give q(17).
-690
Let b(h) = -2*h**2 + 51254*h - 2659809. Calculate b(52).
-9
Let g(w) = 439808*w + 3078650. What is g(-7)?
-6
Let i(n) = -n**3 - 42*n**2 - 289*n - 535. Give i(-5).
-15
Let y(z) = -2*z**2 + 116*z - 835. Give y(56).
-611
Let o(z) = -z**2 - 186*z - 7584. What is o(-62)?
104
Let d(v) = 2*v**2 + 262*v + 1416. Calculate d(-123).
-552
Let a(n) = -3*n**3 - 26*n**2 + 56*n + 302. What is a(-9)?
-121
Let m(j) = -38*j**2 + 603*j. What is m(15)?
495
Let w(o) = 79414*o + 2858942. Give w(-36).
38
Let u(o) = -9*o**3 - 189*o**2 - 11*o - 223. Give u(-21).
8
Let l(p) = 563*p**2 - 8503*p + 879. Calculate l(15).
9
Let w(r) = -228264*r - 6619663. Give w(-29).
-7
Let o(s) = -2*s**2 - 3*s + 2472. Give o(-34).
262
Let l(b) = -246*b + 7800. Determine l(38).
-1548
Let 